5 and m?
3
Suppose 609 = 4*w - 455. What is the highest common divisor of w and 56?
14
Suppose g + 4*b - 40 = 0, b = 3*g + 2*b - 65. Let z be (-25)/20 - (7 + (-1631)/28). What is the highest common factor of g and z?
10
Let o be (-7 - -1)/2 - (-53 - 13). What is the greatest common factor of 14 and o?
7
Suppose -232*s + 223*s + 288 = 0. Calculate the greatest common factor of 2 and s.
2
Suppose -14*d + 315 = -9*d. Suppose 2*a = -d + 203. Suppose -m + 8*m = a. What is the highest common factor of m and 5?
5
Suppose -5*n = 2639 - 8079. Calculate the greatest common factor of 136 and n.
136
Suppose q - m - 81 = -4*m, -4*q = -3*m - 339. Let f(t) = -26*t + 30. Let a be f(-1). What is the highest common factor of a and q?
28
Suppose 0 = -a - 6*a + 5474. Calculate the highest common divisor of 184 and a.
46
Suppose 19*j - 21*j = -20. What is the highest common divisor of j and 640?
10
Let a(h) = 2*h + 58. Let i be a(-12). Let p = 124 - 73. What is the greatest common divisor of i and p?
17
Suppose 4*j - 4784 = -4*r, 7*j = 2*j - 4*r + 5980. Calculate the greatest common factor of 52 and j.
52
Let n = 617 - 583. Calculate the greatest common factor of 1 and n.
1
Suppose 0 = 34*i + 181 - 1201. Let h = -9 + 15. What is the greatest common factor of i and h?
6
Let v(y) = 5*y + 292. Let s be v(-16). What is the highest common divisor of 159 and s?
53
Suppose 0 = c - 0*c + z - 19, 5*c = -2*z + 98. Let s be ((-22)/(-8))/(4/16). Let n = -6 + s. Calculate the highest common factor of n and c.
5
Let w = -136 + 93. Let l = w - -138. Calculate the highest common divisor of 19 and l.
19
Suppose 189 = 5*v - 251. Suppose -v = p - 5*p. Suppose -37*j = -36*j - 66. What is the greatest common factor of j and p?
22
Let s be 176/(-66)*(-81)/4. Calculate the greatest common factor of s and 1242.
54
Let w = 11 + 13. Suppose 62*a = 60*a + 16. What is the greatest common divisor of a and w?
8
Let b be (2112/(-18))/((-1)/3). Let c be ((-2)/(-2))/(1*(-1)/(-44)). What is the greatest common divisor of b and c?
44
Let q(b) = 9*b**2 - 2*b + 1. Let i be q(1). Let v be ((-12)/24)/(2/(-4)). What is the greatest common factor of i and v?
1
Let u be 67 - 4/4*-3. Suppose 0 = -5*a + 5*c + u, 5*c = a + 2*a - 52. Let i be a - 6 - (-1 - 11). Calculate the greatest common divisor of 10 and i.
5
Let j = -1835 + 1866. Suppose 0 = -5*b + 60 + 95. What is the highest common divisor of j and b?
31
Suppose 44*i - 47*i = -51. What is the highest common factor of 1462 and i?
17
Let k(n) = 29*n**2 + 28*n + 36. Let w be k(-5). What is the greatest common divisor of 69 and w?
69
Let y(u) = -u - 9. Let r be y(-9). Suppose 4*x + 5*s + 2 = -1, 3*s + 9 = r. Calculate the greatest common factor of 6 and x.
3
Let u(m) = -m**2 + 14*m + 5. Let x be u(7). Suppose 2*b - 48 = 4*d, -b + 5*d + 69 = 2*b. Calculate the greatest common factor of b and x.
18
Let g be ((-120)/25)/((-2)/50). Let c(q) = -2*q**2 + 30*q + 116. Let t be c(17). What is the greatest common factor of t and g?
24
Let a be (-1)/(3 + (-26)/8). Let o be 36*(a + 27/(-6)). Let y = 22 + o. What is the greatest common divisor of y and 16?
4
Let j(p) = 5*p**2 + 2. Let g be j(-2). Suppose 1020 = 5*h + 17*q - 23*q, 2*h - 5*q - 421 = 0. Calculate the highest common factor of g and h.
22
Let a(b) = -b**2 + 8*b + 4. Let o be a(7). Let i(s) = -o + 2*s - 2*s + 2*s**2 - s**2 - 2*s. Let q be i(9). What is the greatest common factor of q and 26?
26
Suppose 2*b - 171 = -q, b - 38 = 2*q + 40. What is the greatest common divisor of b and 602?
14
Suppose -233*z + 213*z = -400. Calculate the highest common divisor of z and 180.
20
Let h = -22 + 31. Suppose -5*o = -2*u + 172, 0 = 4*u - h*u - 3*o + 492. Calculate the greatest common divisor of u and 12.
12
Let r = -480 + 498. Suppose -2*j + 4*v = 3*j - 72, 3*j - 27 = -3*v. Calculate the greatest common factor of r and j.
6
Let j(q) = 3*q - 34. Let y be j(12). Suppose 12 = 4*r - y*l + 6*l, -r = -l - 3. Calculate the greatest common divisor of r and 12.
3
Suppose 3*t - 4*t + 12 = 0. Suppose 0 = 72*a - 88*a + 2112. Calculate the highest common divisor of t and a.
12
Let a(y) = 2*y**3 - 6*y**2 - 26*y + 11. Let x be a(7). Calculate the highest common factor of 26 and x.
13
Suppose -4*w = -5*w - 12. Let u = w + 25. What is the greatest common divisor of 52 and u?
13
Let u be -4 + 9 - (19 - 4). Let m be u + 28 - (-1 + 3). Calculate the highest common divisor of m and 24.
8
Suppose 54 = 18*q - 0*q. Calculate the greatest common divisor of 57 and q.
3
Let p = -3 - -9. Suppose -2*g - m + 28 = 0, g - 2*m - m = 0. Suppose -18 = -5*w + g. Calculate the highest common divisor of p and w.
6
Let r(m) = -3*m + 5. Let h = 26 - 31. Let u be r(h). What is the highest common factor of u and 160?
20
Let v be -2 + (-20)/(-2) - -1. Let j(p) be the second derivative of 2*p**3/3 - 3*p**2 + 27*p. Let m be j(v). What is the highest common factor of m and 6?
6
Suppose -3*s = -3*k + k + 332, 2*s - 4 = 0. What is the greatest common divisor of k and 13?
13
Let d be (10/(-6)*1)/((-10)/810). Calculate the highest common factor of 5 and d.
5
Let p(c) = c - 17. Let d be p(29). Calculate the highest common divisor of 56 and d.
4
Suppose 0 = -2*s + 3*b + 298, -4*s + 4*b - 2*b = -588. Suppose -3*i = -826 - s. Calculate the highest common divisor of i and 36.
36
Let z be (1 - 44/36) + (-10100)/(-90). What is the greatest common factor of 84 and z?
28
Suppose 5*y = -f + 306 + 48, -y + 74 = f. Calculate the greatest common factor of y and 1295.
35
Let w = 44 - 41. Let u = w + 4. What is the greatest common divisor of u and 21?
7
Suppose 31*d + 336 = 37*d. What is the greatest common factor of d and 4?
4
Suppose 0 = 66*w - 54*w - 552. Suppose 5*x = -5, -90 = -0*d - 2*d - 2*x. Calculate the highest common divisor of w and d.
46
Let o be (-21)/84 + (-362)/(-8). Let w be (8/6)/(5/o). What is the greatest common divisor of w and 3?
3
Let m(p) = -3 - 8*p + 0 + 1. Let r be (16 + -1)*18/(-54). Let z be m(r). Calculate the highest common factor of 95 and z.
19
Let l be (4/6)/((-4)/(-54)). Let c be (-4)/10 - 8/120*-411. What is the greatest common divisor of c and l?
9
Let z be 12/5 + (-4)/10. Let j = -150 + 148. Let y be 3/j*(-1 - (8 - 7)). Calculate the highest common factor of y and z.
1
Suppose 77 = 4*n + 5*a - 76, a + 213 = 5*n. Calculate the greatest common factor of 3 and n.
3
Suppose 0 = 21*m - 193 - 185. What is the highest common factor of 18 and m?
18
Let r be 4*(1 + (-14)/4). Let f(v) = v**2 + 18*v - 10. Let z be f(r). Let w be (4/(-10))/(1/z). Calculate the highest common factor of 9 and w.
9
Let r(d) = -116*d + 1. Let x be r(-1). What is the greatest common factor of x and 13?
13
Let i be (14 + 3)/(17/136). Calculate the greatest common factor of 34 and i.
34
Suppose 4*y = -4*g + 2*g - 20, -2 = 2*y. Let n = 0 + g. Let w be (-29)/(-2) + n/(-16). What is the greatest common factor of w and 6?
3
Let m be -35 + (-3 - -6)/(-3). Let z = 57 + m. What is the highest common factor of 189 and z?
21
Suppose -m = -5*w - 47, -4*m - w = 3*w - 164. Let f be -5*1 + 130*(-29)/(-145). Calculate the greatest common divisor of m and f.
21
Suppose 7*q - q + 12 = 0. Let f = -1 + q. Let k = f - -9. Calculate the highest common divisor of 2 and k.
2
Suppose 4*b - 3*f + 6 = 0, -5*b - 2*f + 9 + 18 = 0. Suppose 36 = a + 3*a. Calculate the highest common divisor of b and a.
3
Let f(q) = -2*q**3 - 33*q**2 - 16*q + 7. Let g be f(-16). Let w = 59 - -11. Suppose 3*i + w = 4*i. Calculate the highest common factor of g and i.
7
Let t(m) = m**3 - 8*m**2 + 4*m - 11. Let v be (32/6)/(26/39). Let u be t(v). Calculate the highest common factor of 14 and u.
7
Let n be 6/4*68 + -6. What is the greatest common divisor of n and 816?
48
Suppose 17*n = -18*n + 2135. What is the highest common factor of 122 and n?
61
Let t = 571 - 501. What is the highest common divisor of t and 50?
10
Let k = 44 + -41. Suppose 5*j - 3*f = 53, -8 = -k*f + 4. Calculate the highest common divisor of 104 and j.
13
Suppose -195 = -3*c + 3*w, -2*c = 2*w - 147 + 37. Calculate the highest common divisor of 1005 and c.
15
Suppose -69*w = -67*w - 56. What is the greatest common factor of w and 84?
28
Let y be (190/70 + -7)*-21. What is the highest common divisor of 190 and y?
10
Let c(k) = 2*k**3 + 10*k**2 + k - 5. Let i